
0
Let c(w) = -15*w + 19. Let a(v) = 5*v - 7. Let n(p) = -11*a(p) - 4*c(p). Let t be 1*-2*2/4. Calculate n(t).
-4
Let x be 2/(-14) - (-172)/28. Let p be 0/(-1) + x/2. Let q(t) = 4*t**2 - t**2 + p*t**2. Determine q(-1).
6
Let z = -47 + 48. Let v(x) be the third derivative of 3*x**4/8 - x**3/3 + 4*x**2. Calculate v(z).
7
Let z(q) = 5*q**3 - 5*q**2 - 9*q - 10. Let d(r) = -11*r**3 + 12*r**2 + 19*r + 20. Let f(w) = 4*d(w) + 9*z(w). What is f(-3)?
5
Let v(j) = j**3 - 12*j**2 - j - 7. Let d(a) = -a**2. Let y(h) = -6*d(h) + v(h). Give y(6).
-13
Let j(o) = -o**3 + o - 12. Let w(l) = l**2 + 4*l - 4. Let x be w(-5). Suppose 0 = -0*a + 13*a + 78. Let n be x/2 + a/12. Determine j(n).
-12
Let q(t) = 5*t - 4*t + 1 + 5*t. Let z be (11/(-2)*2)/(2 + -1). Let u be (z + 4/2)*1/(-3). Determine q(u).
19
Let w be (69/23*(0 + -5))/1. Let l(f) = f**3 + 14*f**2 - 14*f + 17. Give l(w).
2
Let y be (-41 - -45) + (-10)/(-2). Let t(u) = -u**2 + 9*u - 8. Give t(y).
-8
Suppose -3*s = r + 6, -15 = -3*r + 2*s - 0*s. Suppose 2*b = -r*q + 25, -7*q + 3*b + 22 = -3*q. Let i(h) = -2*h + 9. What is i(q)?
-5
Let c be ((-3)/6)/(-3 + 33/12). Let j(k) = -k**2 + 5*k - 2. Calculate j(c).
4
Let k = 33 - 24. Let l(u) = -3*u - 1 + k*u - 3*u. What is l(-3)?
-10
Let n(v) = -9 - 18 - 2*v - 9 + 7*v. Let f be n(8). Let b(i) = i**3 - 3*i**2 + i - 1. What is b(f)?
19
Let c(a) = -6 - 3*a + 0 + 0. Suppose 95 = 6*x + 119. Calculate c(x).
6
Let k(a) = 10*a - 169*a**2 + 21 + 5*a + 168*a**2. What is k(16)?
5
Let n(y) be the third derivative of -y**4/8 - y**3 + 5*y**2 - 2*y. What is n(-4)?
6
Suppose 69*g - 83*g = -56. Let h(f) = 3*f - 7. Give h(g).
5
Let k = -126 + 123. Let q(d) = d + 2. Give q(k).
-1
Let h(p) = -p**3 + 11*p**2 - 3. Suppose -4*s + 0*s = 2*c - 34, -4*s + 12 = 0. Give h(c).
-3
Let z(j) be the third derivative of -5*j**4/24 + j**3/6 - 118*j**2. Determine z(7).
-34
Let k(c) be the first derivative of -c**3/3 - 5*c**2/2 - 3*c - 94. Let t be (-2 - (-2 - 0))/1. Suppose -2*o - 12 = 2*o + 3*r, 3*r = t. What is k(o)?
3
Let z(w) be the second derivative of -w**4/12 - 7*w**3/2 + 51*w**2/2 + 50*w + 2. Calculate z(-23).
5
Let q(x) = -x**3 - 4*x**2 - 3*x - 9. Let j(g) = g + 7. Let s be j(-11). Let d be q(s). Let c(l) = 3*l + 1. Calculate c(d).
10
Let o(w) be the second derivative of w**3/3 - 15*w**2/2 - 32*w + 2. Give o(0).
-15
Let n(y) be the second derivative of 11*y**7/840 - y**6/360 - y**5/120 + y**4/24 + 7*y**3/6 - 7*y. Let a(b) be the second derivative of n(b). Determine a(1).
10
Let h(p) = p**3 - 2*p**2 - p - 1. Let d(v) = 3*v**3 + 4*v**2 + 9*v - 15. Let i(b) = d(b) - 4*h(b). Give i(13).
-11
Let b be -6*3*(-3)/18. Let u(d) = 4*d - 7*d + d + b*d - 9. What is u(4)?
-5
Let r(l) be the third derivative of l**6/120 + l**5/12 - l**3/3 - l**2. Let d(y) = y - 6. Let m be d(8). Let u be 6/(-9)*15/m. Determine r(u).
-2
Let z(y) = 7*y - 1. Let t be (1 + 0 - 6) + -27 + 33. Calculate z(t).
6
Let m(f) be the first derivative of 30*f - 100*f + 33*f - 1 + 35*f - f**2. Determine m(-3).
4
Let m(p) = 390*p - 129*p - 13 - 126*p - 134*p. Determine m(0).
-13
Let x(a) = a - 7*a**3 - 15*a**2 + 37*a**2 - 17*a**3 - 21*a**2 - 1. What is x(1)?
-23
Let h be 16/6 - (19/(-3) - -6). Let t(q) = 5*q**2 + 2*q. Calculate t(h).
51
Let r(d) = -3*d + 55. Let q(k) = 2*k - 28. Let f(g) = -5*q(g) - 3*r(g). Calculate f(-13).
-12
Let y be -13*(-10)/16 + (-49)/(-56) + -1. Let h(w) be the first derivative of -w**3/3 + 4*w**2 + 4*w + 1. Give h(y).
4
Let d(g) be the second derivative of g**5/20 - g**4/12 - g**3/6 - 15*g**2/2 - 2*g + 296. Calculate d(0).
-15
Let s(a) = -4*a - 3. Suppose 5*u = u + 3*b - 42, 0 = 4*u + 3*b + 54. Let g be ((-3)/9)/((-2)/u). Give s(g).
5
Let s be (-17)/(-5) - (-8)/(-20). Suppose -4*x + 109 = -5*i, -s*i - 57 = -3*x + x. Let o(g) = x*g - 7*g - 3 - 10*g. What is o(4)?
13
Let s(m) be the first derivative of -4*m - 30 + 11 + m - 3*m**2 + 2*m. What is s(4)?
-25
Let u(g) be the first derivative of 1/3*g**3 + 5*g - 3*g**2 - 24. Calculate u(6).
5
Let w(c) = c**3 - 9*c**2 + 6*c. Suppose -12*x + 7*x + 39 = -n, 2*x = 2*n + 14. Calculate w(x).
-16
Let g(o) be the second derivative of 1/20*o**5 + 23*o + 0*o**4 + 1/6*o**3 - 3/2*o**2 + 0. Suppose -r + 0*r = 0. What is g(r)?
-3
Let y = 3 - -4. Let s(i) = -i**3 - 8 + 17*i - 40*i + 33*i + 6*i**2. Determine s(y).
13
Let h(x) be the first derivative of -x**4/4 + 14*x**3/3 - 15*x**2/2 + 19*x + 418. Give h(13).
-7
Let i(v) = -v**2 - 5*v + 12. Let h = 96 - 103. Let s be i(h). Let w(r) = r**2 - r - 1. Determine w(s).
5
Let x(y) = -8*y + 2. Let g(t) = 88*t - 257. Let n be g(3). Determine x(n).
-54
Let i(m) be the first derivative of -m**4/4 - m**3/3 - m**2/2 - 6*m + 71. Determine i(0).
-6
Suppose 3*i = 2*h + 24, 4*h = -6*i + 2*i - 28. Suppose -8 = -8*v + 4*v. Let d be v/h - (-336)/54. Let y(k) = -k**2 + 6*k - 9. What is y(d)?
-9
Let n(q) = -q - 3. Suppose -387*y + 7 = -386*y. Let b(l) = -l + 12*l**2 + 5 + 2*l**2 + 0*l - 2*l**3. Let z be b(y). What is n(z)?
-1
Let v(i) = -i**3 - 14*i**2 + 16*i + 21. Let g(s) = 27*s - 312. Let j be g(11). What is v(j)?
6
Let z(p) = -8*p - 9 + 0 + p**3 + 8*p**2 + 7*p. Let m = 13 - 21. Let t be z(m). Let r(a) = 5*a. Determine r(t).
-5
Suppose 0 = 3*j - 3 + 6. Let w be -5*j*(4 + -3). Let h(f) = -f**2 + 3*f + 5. Calculate h(w).
-5
Let x = -14 + 14. Let c(h) be the third derivative of x + 1/6*h**3 + 0*h - 1/20*h**5 - 1/8*h**4 - 3*h**2 + 1/120*h**6. Give c(4).
5
Let d(v) = 13*v - 2. Let n(o) = 9*o - 1. Let w(s) = -5*d(s) + 7*n(s). Suppose 32 = 2*i - 6*i - 3*f, -2*i + 10 = -5*f. Calculate w(i).
13
Let i(x) = x**3 - 2*x**2 - 3*x + 3. Suppose 5*g + h = 15, -3*g - 10*h = -6*h + 8. Determine i(g).
23
Let d(o) be the second derivative of 1/3*o**3 + o + 0 + 1/3*o**4 - o**2 + 1/20*o**5. Let g(l) = l**2 - 34*l + 250. Let h be g(23). Give d(h).
1
Let t(y) = -y**3 - 3*y**2 - y + 2. Suppose 4*k = -4*d + 16 + 4, -3*k = 5*d - 13. Suppose k*z = -11 - 1. Calculate t(z).
0
Suppose 2*y - 4*h + 16 = 0, -y - h + 17 = 2*h. Let m(g) = -2 - 1 + 1 + 4 + 0*g - g. What is m(y)?
0
Let v(z) = -z**2 - 3. Let n be (-1)/2 + 20/8. Let i be 0/((3 - 6) + 0 + n). What is v(i)?
-3
Let s(b) = -b**2 + 3*b. Let u(g) = 5*g**2 - 15*g - 1. Let m(p) = 11*s(p) + 2*u(p). Let d(t) = -t**2 + 3*t - 3. Let y(c) = 5*d(c) - 6*m(c). Give y(4).
1
Let u = -1351 - -1360. Let o(g) = -g + 15. Calculate o(u).
6
Let o(c) = 2*c + c + 5*c - 5*c. Let b be -1 - (-21)/3 - 4. Calculate o(b).
6
Let k(u) = -75*u**3 + 319*u**3 - 90*u**3 - 61*u**3 - 61*u**3. Calculate k(-1).
-32
Let i = 6 - -4. Let d = -12 + i. Let b be 4/(-2) - d - -2. Let w(k) = -k**3 + 2*k. Determine w(b).
-4
Let q(u) = -u + 15. Let c be q(13). Let m(k) = 2 + k**2 + 4*k**c + 8*k + 2*k**2 - 6*k**2. What is m(-6)?
-10
Let y(h) be the second derivative of h**6/120 + h**5/20 - 5*h**4/24 - 2*h**3/3 + 7*h**2 + 23*h. Let i(b) be the first derivative of y(b). Determine i(-4).
0
Let k(x) = -3*x + 3. Suppose -16*o + 5*o = 55. Suppose 3*y + 8 = 5*y - 2*i, -25 = 5*i. Let t be 8 - (y + (-25)/o). Determine k(t).
-9
Let l(c) = c**3 - 5*c**2 - 2*c + 5. Let o(f) = 43 - f + f**3 - 8*f**2 - 44 - 2*f**3. Let i be o(-8). Suppose 3*z - i = 8. Give l(z).
-5
Let z = 134 - 137. Let m(r) = -r**2 - r + 4. Determine m(z).
-2
Let r(n) = -n**3 - 19*n**2 - 18*n + 8. Let q be (8 + -4)/((-6)/27). Calculate r(q).
8
Let n(z) = -9*z**3 + 6*z**2 + 13*z + 8. Let i(m) = 5*m**3 - 3*m**2 - 7*m - 4. Let d(c) = -7*i(c) - 4*n(c). Determine d(3).
-13
Let o = -513 + 518. Let c(g) = 5*g. Calculate c(o).
25
Suppose -2*u = 4*b + 26, 8*u - 4*u = b + 2. Let s(h) = -h**2 - 4*h + 18. Give s(b).
6
Let x(b) = b**3 + b**2 - 2*b. Let u be x(2). Let z = u + -2. Let o(r) be the first derivative of -r**2/2 - 4*r + 163. Give o(z).
-10
Let q(p) be the third derivative of p**6/120 - p**5/15 + p**4/8 - 225*p**2. Calculate q(2).
-2
Let z = 41 - 35. Let v(x) = 2*x**2 - 8*x - 2. Give v(z).
22
Let j(z) = 55*z + 9. Let g be j(0). Let r(q) = -q**2 + 10*q - 1. What is r(g)?
8
Let y = -8 + 4. Let s(p) = -3*p**2 + 2*p**2 - 12*p - p**2 - 8 - 9*p. Let m(k) = -k**2 - 10*k - 4. Let n(v) = -9*m(v) + 4*s(v). Give n(y).
-4
Let n(a) = 6*a**2 - 3*a - 15. Let m(f) = 10 - 23*f**2 + 10*f**2 + 9*f**2 + 2*f. Let b(k) = 7*m(k) + 5*n(k). What is b(4)?
23
Let v(i) = -i + 3. Suppose 2*u = 18*u + 64. What is v(u)?
7
Let n(a) = -19 + 65*a - 63*a - 27.